-3*i + 1 = -50. Let g = i - b. List the prime factors of g.
2
Let g be (28*-1)/((-6)/(-9)). Let u be -2 + 0 + 2 - g. Let v = u - 16. What are the prime factors of v?
2, 13
Let h be 10/(-8)*(-20 - -8). List the prime factors of -19 + h - (1 + -51).
2, 23
Let c(x) = 0 + 3*x - 10*x - 5 + 4. Let j(g) = g**3 - 5*g**2 - g + 4. Let s be j(5). List the prime factors of c(s).
2, 3
Let c be 4/(-6) + 6/9. Suppose -4*j + 102 = 4*p - 2*p, 2*p + 3*j - 104 = c. What are the prime factors of p?
5, 11
Suppose -6*h + 8*h - 2 = 0. Let l(s) = 96*s - 14. Let x(g) = -32*g + 5. Let k(q) = 6*l(q) + 17*x(q). List the prime factors of k(h).
3, 11
Let q(z) be the third derivative of -z**5/30 + 3*z**4/4 - 3*z**3/2 - 5*z**2. List the prime factors of q(8).
7
What are the prime factors of 7754/10 - 5/(-25)*-2?
5, 31
Suppose 1094 = -11*q + 13832. List the prime factors of q.
2, 3, 193
Suppose 4*x = 4*w + 2840, 4*x - 2*w = w + 2842. Suppose x = 2*u + 2*u. List the prime factors of u.
2, 89
Suppose -4628 = -2*j + 2*q + 1766, -20 = 5*q. What are the prime factors of j?
31, 103
Let l = 568 + -384. What are the prime factors of l?
2, 23
Let b be 3*(3 + (-8)/3). Suppose 2*g + b = 3. What are the prime factors of g + 0 - -3*5?
2
Let l = -26 - -38. Suppose w - l = -w - 4*y, -2*w + 7 = 3*y. What are the prime factors of w + (-36)/(-3) + 4?
2, 3
Let z be 10/(-4)*(168/(-40) - -3). Suppose 2*i = 4*p + 118, 2*p = -3*i + z*p + 167. What are the prime factors of i?
5, 11
Let k(a) = -79*a - 33. List the prime factors of k(-11).
2, 11, 19
Suppose -4*a - 3*g - 42 = -0*g, -4*a = 4*g + 44. Let z = a + 112. List the prime factors of z.
103
Suppose -3*r + 3519 = 5*m, -584 = -2*m - 5*r + 816. What are the prime factors of m?
3, 5, 47
Let s = 75 + -73. Suppose -5*x = -2*z - 1110, 5*x = s*x + z + 667. What are the prime factors of x?
2, 7
Let c = -389 + 776. List the prime factors of c.
3, 43
Suppose -3*n = -48 - 303. What are the prime factors of n?
3, 13
Suppose -3*t - 139 = -2*v - 28, 5*t = -5*v + 315. Let m = v - 9. What are the prime factors of m?
3, 17
Let x be 0 + -3 + 21/3. Suppose -85 = -t - 3*n, -x*t + 192 + 97 = -5*n. List the prime factors of t.
2, 19
Let v(b) = -57*b - 811. What are the prime factors of v(-41)?
2, 7, 109
List the prime factors of 4*477 - 520/(-52).
2, 7, 137
Let d = 37 + -37. List the prime factors of (3/(9/(-6)) + d)*-50.
2, 5
Let z be (2 - -14) + -4 + 2. Suppose 8*k + 60 = z*k. Suppose -u - 4 = -3*a, k*u = 5*u + 10. What are the prime factors of a?
2
Let t(a) = 14*a**2 - 8*a - 6. Let n be t(-5). Let v = -264 + n. List the prime factors of v.
2, 3, 5
Let p(o) = -o - 1. Let w be p(-3). Suppose 0 = -5*v + 4*a - 11, -v - 3*a = -w*v. Let k(n) = 3*n**2 + 2*n + 3. List the prime factors of k(v).
2, 3
Suppose -15*p + 3221 + 3034 = 0. List the prime factors of p.
3, 139
Let d be 3 + -1 + -229*(1 - 3). Suppose d = 15*g + 145. What are the prime factors of g?
3, 7
Suppose -5*o + 113 = 553. Let s(c) = c**3 + 9*c**2 + 6*c - 6. Let b be s(-9). Let a = b - o. List the prime factors of a.
2, 7
Suppose 2*d + 4*h = -2, -2*d = -3*h - 14 - 12. Suppose -d*c + 6*c + 5 = 0. Suppose c*n + 90 = 10*n. What are the prime factors of n?
2, 3
Suppose 32*r - 440 = 31*r. What are the prime factors of r?
2, 5, 11
Let r(y) = 21*y**2 - 37*y + 231. What are the prime factors of r(7)?
7, 11, 13
Let c(b) = 3*b + 29. Let y be c(-9). Let h(v) = 6*v**3 - v**2 - 3*v. List the prime factors of h(y).
2, 19
Suppose -2 = -2*l - 2*j, 5*j = -13 - 2. Suppose 236 = -5*i - l*y + 868, 5*i - 4*y - 608 = 0. What are the prime factors of i?
2, 31
Let c = -1136 + 1596. Suppose -8*p = 2*p - c. List the prime factors of p.
2, 23
Let y(d) = -d**2 + 9*d**3 - d - 2 - d + 5*d - 4*d. Let t be y(2). Suppose n - t = -n. List the prime factors of n.
2
Let s = 20 - -26. Let d = 79 - s. Let v = 54 - d. What are the prime factors of v?
3, 7
Suppose 2*t = 4*s - 9774, -5*s - 4*t + 7358 = -2*s. What are the prime factors of s?
2, 1223
Let a(w) = -w**3 + 12*w**2 - 9*w - 2. Let b be a(11). List the prime factors of (-1)/1*b*-4.
2, 5
Let b = 948 - -2149. What are the prime factors of b?
19, 163
Let y(q) = -31*q - 341. List the prime factors of y(-50).
3, 13, 31
Let k = 59 - -1. Suppose k = 3*b + 12. List the prime factors of b.
2
Suppose 5*u = 2*i - 5082, 3641 + 1441 = 2*i + 3*u. List the prime factors of i.
3, 7, 11
Let u = -37 + 44. What are the prime factors of (-2*u/6)/((-29)/1653)?
7, 19
Let p = 443 - 147. Let f = 508 - p. What are the prime factors of f?
2, 53
Let q(s) = -2*s**3 + 15*s**2 - 9*s + 2. Let m be q(7). What are the prime factors of (42/m)/(-7) + (-425)/(-2)?
3, 71
List the prime factors of (19 + -5)*(-7960)/(-28).
2, 5, 199
Let j(i) = i**3 + 10*i**2 + 7*i - 3. Let y be j(-9). Let o(x) = -x**2 + 14*x + 18. Let t be o(y). Suppose 0 = -t*c + 7*c - 204. List the prime factors of c.
3, 17
Suppose -5*n + 4559 = 2*b, -5*b - 139 + 1037 = n. What are the prime factors of n?
11, 83
What are the prime factors of (-12)/16 + 0 + (-135472)/(-64)?
2, 23
Let g = -8 + 21. Suppose -34 = -z + g. List the prime factors of z.
47
Suppose -4318 = -49*q + 25376. What are the prime factors of q?
2, 3, 101
Suppose o = 2*k + 4*o + 17, 0 = -k - o - 9. List the prime factors of -5*(k - 1) - -3.
2, 29
Let d(s) = 10*s. Let r be (68/20 + -3)*10. Let f be (-30)/(-3)*r/10. List the prime factors of d(f).
2, 5
Let t = 4220 - 2996. List the prime factors of t.
2, 3, 17
Let g = 603 + -197. What are the prime factors of g?
2, 7, 29
Suppose -23535 - 68977 = -59*i. List the prime factors of i.
2, 7
Let d(r) = -r**2 + 8*r - 16. Let p be d(4). Suppose 4*k + q - 351 = p, 4*k + 3*q - 331 = -2*q. What are the prime factors of k?
89
Let l(f) = -3*f - 1. Let o be l(-1). Suppose -3*i + 0*k - 25 = 5*k, o*k = 5*i - 10. Suppose 14*t - 10*t - 68 = i. What are the prime factors of t?
17
Let c(n) = n**2 - 3*n. Let v be c(3). Suppose -f = 2*o + 8 - 20, v = 3*o - 4*f - 18. Suppose -o*u = -5*u - 33. What are the prime factors of u?
3, 11
Suppose 25 = 2*j + 5*i, 2*j + 4*i - 15 = 5. Suppose j*n - 202 = -3*n - 5*b, -234 = -3*n + 3*b. What are the prime factors of n?
2, 37
Let s = 19 - -2. Let p = -37 - -133. Suppose -s + p = 5*j. List the prime factors of j.
3, 5
Suppose d = 4*d - 4*v + 4, d = -4*v - 12. List the prime factors of 61/(-3 - d)*2.
2, 61
Let d be (11 - -6) + (-6)/(-2). Suppose -z = a - 149, 0 = 4*z + 3*a - 621 + d. List the prime factors of z.
2, 7, 11
Let o be -1 + -1 - 3*4/(-3). Suppose o*h = -3*m + 101 - 20, 54 = 2*m + 3*h. List the prime factors of m.
3
Let l = -12 - -12. Suppose l = 3*a + 3*i + 9, -2*a + 3*i = -7*a - 9. Let o = 21 + a. What are the prime factors of o?
3, 7
Let u(s) = -4*s + 23. Let x be u(4). Suppose 0 = 5*b + 8*r - x*r - 465, 15 = 3*r. What are the prime factors of b?
2, 23
List the prime factors of (23 + -21)*(-1)/4*-554.
277
Let l(u) = 29*u + 12. Let h be l(-4). Let p = -64 - h. List the prime factors of p.
2, 5
Let h = -848 - -1339. List the prime factors of h.
491
Let r be ((-169)/(-1))/(66/(-12) + 6). Suppose 7*u + 58 - r = 0. What are the prime factors of u?
2, 5
Suppose -319 = -a - 2*q, 5*q = -0*q - 5. What are the prime factors of a?
3, 107
Let y(m) = m**2 - 3*m - 1. Let z = 21 - 18. Let u be (-14)/z - (-12)/18. What are the prime factors of y(u)?
3
Let n = 192 - 112. Let s = n + -39. List the prime factors of s.
41
Let p(d) = d**2 - 8*d - 11. Let q be 238/22 + (-2)/(-11). List the prime factors of p(q).
2, 11
Suppose 3*s + 4*o = 1402 + 1542, -s - 2*o = -982. List the prime factors of s.
2, 5, 7
Let y be 6 - 8 - 4/(-2). List the prime factors of -4 + y + 111/1.
107
Suppose 3*f - 27 = -0*f. Suppose 0 = 3*i - 5*m - 278, 0 = m + 2*m - 15. Suppose -3*z - f = -p, 2*p - z - i = -3*p. What are the prime factors of p?
3, 7
Let f(m) = m. Let v be f(5). Suppose 5 - 44 = -13*y. Suppose v*g - c - 264 = 3*c, -2*c = -y*g + 158. List the prime factors of g.
2, 13
Let n(g) = -g**3 - 9*g**2 + 67*g + 30. What are the prime factors of n(-14)?
2, 3
Suppose 5*o + 3*i - 10075 = 0, 3*i + 2*i = -25. List the prime factors of o.
2, 1009
Let f(q) = -29*q - 22. List the prime factors of f(-15).
7, 59
Suppose 0 = 2*n - 41 - 357. Suppose n = 2*q - 23. What are the prime factors of q?
3, 37
Suppose -v = -5*v - 4. List the prime factors of (4/v)/(-4)*2.
2
Let p(a)